. Let x(l) = 4*l + 16. Let p(j) = 7*c(j) - 5*x(j). What is the units digit of p(6)?
3
Suppose -22*c + 51 = -21*c. What is the tens digit of c?
5
Let a(o) = -o**2 + 16*o - 8. What is the tens digit of a(8)?
5
Let a(r) = 0*r - r + 2 - 4 + 4. Let i be a(-3). Suppose i*c - 75 = 15. What is the tens digit of c?
1
Let q be 220/14 + 4/14. Suppose 3*f - 42 = 4*g + 23, q = 4*g. What is the tens digit of f?
2
Let p = -284 + 428. What is the hundreds digit of p?
1
Let v be 3/12 + 23/4. Suppose 5*w = v*w - 16. Suppose -4 = 4*y - w. What is the units digit of y?
3
Let p = -3 - -2. Let a = p - -1. Suppose 4*b = -a*b + 28. What is the units digit of b?
7
Suppose -2*v + v + 4*f = -64, 0 = 4*v + 4*f - 196. Suppose -v = -4*y + 20. What is the tens digit of y?
1
Suppose 5*w = 5*x + 35, 2*w + 4*x - 8 = -0. Suppose -5*k - 35 = 4*o, 0 = -0*k + 3*k - 3*o - w. Let m = k - -4. What is the units digit of m?
1
Suppose 9 = 10*t - 7*t. Suppose 2*d + t*d = 10. What is the units digit of d?
2
Let f = 13 + 12. What is the tens digit of f?
2
Let h be 2/(-4)*2 + 0. Let b(q) be the third derivative of -19*q**6/120 - q**5/60 + q**3/6 - 2*q**2. What is the tens digit of b(h)?
1
Let n = 15 - 10. Suppose -4*h = n - 17. What is the units digit of h?
3
What is the hundreds digit of (-2)/(-3) - -1*(-1844)/(-6)?
3
Let a(k) = 5*k**2 - 22*k - 11. What is the tens digit of a(8)?
3
What is the tens digit of (-5)/((-30)/(-9))*284/(-3)?
4
Let a(p) = -p**3 - p**2 + p + 16. Let k be a(0). Suppose -o = o - k. What is the units digit of o?
8
What is the tens digit of (7 - 4)/(434/216 + -2)?
2
What is the tens digit of 410/8 + 14/(-56)?
5
Let a be 19/3 - 2/6. Let h(c) = -c**2 + 7*c + 4. What is the tens digit of h(a)?
1
Let m be 47/3 + (-2)/(-6). Let s(b) = b**2 + 6*b - 3. Let w be s(-5). Let a = w + m. What is the units digit of a?
8
Suppose -a + 5*a - 3*u = 108, -5*a = 5*u - 170. What is the units digit of a?
0
Let t(z) be the first derivative of z**2/2 + 5*z + 1. Let a be t(-5). Suppose a = -4*p + 9 + 7. What is the units digit of p?
4
Suppose -2*d + 9 = -11. Let p(r) = r**3 - 9*r**2 - 9*r - 4. Let w be p(d). Let x(j) = -j**2 + 8*j - 7. What is the units digit of x(w)?
5
Let m = -7 + 27. Suppose -4*g + 5*p = -m, 3*g = -5*p + 2*p + 15. Suppose g*q + 3*d - 94 = 0, -4*q + 53 = d - 6*d. What is the tens digit of q?
1
Let y be (-10)/(-3)*9/6. Let s = y - -26. What is the tens digit of s?
3
Suppose -7*q - 317 = -1276. What is the hundreds digit of q?
1
Let u(t) = 29*t + 2. What is the units digit of u(3)?
9
Let t be 17/2 + 2/4. Let u be (4 + -7)*34/(-6). Let p = u - t. What is the units digit of p?
8
Let k = 88 + -16. What is the units digit of k?
2
Let i = 17 + -95. What is the units digit of 1*-2 - i/2?
7
Let p(t) = t**3 - 4*t**2 + 2*t - 1. Let w(i) = -i**3 + 4*i**2 - 3*i + 3. Let u be w(3). Let j be 10/u*(-6)/(-5). What is the units digit of p(j)?
7
Let f(w) = -w**3 + 12*w**2 - 10*w - 8. Suppose -3*g + 2*m - 91 = 3*m, -4*m = g + 45. Let o = -18 - g. What is the units digit of f(o)?
3
Suppose 0*f + 2*f = 0. Let w be f + (-3)/9*-3. What is the units digit of -1 - (2 + -11)/w?
8
Let p be ((-144)/(-45))/(2/5). Let l = 14 - p. What is the units digit of l?
6
Suppose t - 4*k = -2, -t + 2*k + 2 = t. Let a be (1 - -1)*5/2. Suppose -z + 29 = 2*v - 4*z, a*v - 44 = -t*z. What is the units digit of v?
0
Let i = -6 + -1. What is the tens digit of i/(15/6 - 3)?
1
Suppose -3*z + 2 + 4 = 0, -4*z + 8 = -5*d. Let h = d - -11. What is the tens digit of h?
1
Suppose -51 = -5*z + 29. Suppose 4*f - z = 16. What is the units digit of f?
8
Suppose 0 = -3*y - 76 - 53. Let q = -26 - y. Suppose -q = -5*t + 3. What is the units digit of t?
4
Let o(w) = w**2 + 3*w - 3. Let m be (18/24)/((-2)/(-8)). Let l be o(m). Let i = l + -6. What is the units digit of i?
9
Suppose -3*k - 3*v + 21 + 0 = 0, 0 = -k + 2*v + 4. Suppose -a = 2 + 2. Let x = k + a. What is the units digit of x?
2
Let k(f) = 2*f + 43. What is the tens digit of k(22)?
8
Let p(n) = -n**3 + 8*n**2 - 8*n + 9. Let x be p(7). Suppose -x*o - 1 = -11. What is the units digit of o?
5
Let b(d) = -3*d**2 - 7*d + d**3 + 3*d**2 - 8 + 6*d**2. What is the tens digit of b(-6)?
3
Suppose 3*q = -4*q + 1057. What is the tens digit of q?
5
Let u(m) = m. Let b be u(6). Suppose -r = 4 - b. Suppose 4*j - 10 - 4 = -g, -3*j - 6 = -r*g. What is the units digit of g?
6
Let s be 4/(-6) + 52/(-3). What is the units digit of (-48)/s + (-2)/(-6)?
3
Let b = 5 + -3. Suppose 0 = -5*d + 3*o + 66, -3*d - 12 = -b*o - 52. What is the tens digit of d?
1
What is the units digit of ((-9)/(-6) + -2)*-10?
5
Let i be 4/14 + (-836)/(-14). Suppose y + i = 6*y. Suppose -4 = 2*a - y. What is the units digit of a?
4
Let i = -14 + 24. What is the units digit of 8 - 5/(i/(-6))?
1
Let a(y) = -y**2 - 10*y - 1. Let n = 4 - 13. What is the units digit of a(n)?
8
Suppose 3*u - 4*q - 6 = -2*q, -4*u + q + 13 = 0. Let l(y) = -y**2 + 3*y. Let j be l(1). Suppose -j*a - 40 = -u*a. What is the units digit of a?
0
Let n(d) = -d**3 - 6*d**2 - 9*d - 8. Let c be n(-6). Suppose -a - a = 2*o - c, -a + 2*o + 14 = 0. What is the tens digit of a?
2
Let p be -60*(0 - (-1)/(-1)). Suppose -3*m + p = -0*m. What is the tens digit of m?
2
Let s(i) be the second derivative of i**5/20 - 7*i**4/12 + i**3 + 4*i**2 + 2*i. What is the units digit of s(6)?
8
Let z = 1 - 1. Suppose 2*u + 2*u = 2*r - 22, r + 4*u - 5 = z. What is the units digit of r?
9
Suppose 0 = -2*m - 4*b, -m - 4*b - 6 = -2*m. Suppose 0*p - m*p + 60 = 0. What is the tens digit of p?
3
Suppose -5*b = -b + 4*g - 512, -5*g = -2*b + 221. What is the hundreds digit of b?
1
Suppose 5*b = g - 27, 0*g + 2*g + 2*b - 6 = 0. What is the units digit of g?
7
Suppose -9 = -2*z + 3*u, -5*z + 2*u = -19 - 9. What is the units digit of 9/z + (-3)/(-6)?
2
Let w(d) = -d**3 - 7*d**2 + 6*d + 2. Let p be w(-6). Let m = p - -107. What is the units digit of m?
7
Let u be (1/2)/(1/6). Suppose -3*y + u = 3*m + 2*m, 2*y - 5*m - 27 = 0. Let h = y - 2. What is the units digit of h?
4
Let u = 238 - 166. What is the units digit of u?
2
What is the units digit of 6/(-2) - (-4 - 28)?
9
Suppose z - 5*k = 13 + 72, -227 = -3*z + k. What is the tens digit of z?
7
Let t(z) = 4*z**2 - 3*z + 6. What is the tens digit of t(7)?
8
Suppose -s + 170 = g, 3*s = 2*g + 7*s - 330. What is the hundreds digit of g?
1
Suppose 3*r - 6 = 0, -2*i - 3*i + 1116 = -2*r. What is the hundreds digit of i?
2
What is the tens digit of (-1452)/(-20) + (-6)/10?
7
Let l(s) = s**2 - 5*s + 3. Let k be l(4). Let x = 23 + k. What is the units digit of x?
2
Let z(h) = h**3 - 6*h**2 - 5*h + 2. Suppose 2*a + 0*a - 14 = 0. What is the tens digit of z(a)?
1
Suppose 7 = -0*r - r. Let g = r + 14. What is the units digit of g?
7
Let p = 6 - -11. What is the units digit of p?
7
Suppose 0 = -4*u + 5*a + 25, 4*u + 0*a = a + 5. What is the tens digit of (-34)/(-2) + u + 0?
1
Let h = -11 + 14. What is the units digit of h?
3
Let w = 100 + -87. What is the units digit of w?
3
Let w = 12 - 12. Suppose 0 = 3*y + 15, w*y = 3*g + 4*y - 10. What is the tens digit of g?
1
Let t(f) = -6*f**2 - f - 6. Let p(o) = o + 3 + 2 + o**2 - 4. Let n(i) = -5*p(i) - t(i). What is the units digit of n(5)?
6
Let a(s) = -s**2 + 6*s. Let h be a(5). Suppose h = 3*i - 13. Suppose i*f = 4*f + 2. What is the units digit of f?
1
What is the tens digit of (-2486)/(-10) - 2/(-5)?
4
What is the tens digit of 52/6*(-3)/(-2)?
1
Let p = 11 + -11. Suppose -3*r + 21 = 2*r - 4*v, 4*v = -2*r - 14. Suppose -3*u + 13 - r = p. What is the units digit of u?
4
Suppose -13*j + 17*j = 876. What is the tens digit of j?
1
Let d(a) = -a - 1. Let t(k) = k**2 - 7*k + 5. Let m be t(7). Suppose 5*h + 5*z = -30, -m*z + 6*z - 2 = h. What is the units digit of d(h)?
3
Suppose -5*h = 5*y - 335, -4*h - 4*y = -6*h + 128. What is the tens digit of h?
6
Suppose -5*s - 252 = -3*g, 4*g - s = 2*s + 325. What is the tens digit of g?
7
Suppose 3*d + 50 = 5*d + 3*l, 80 = 4*d - 4*l. Suppose -2*x + d = w, -2*x - 3*w + 10 = -5*w. What is the units digit of x?
9
Let c(d) = -2*d**2 + 2*d + 4. Let n be c(-3). Let m = -4 - n. What is the tens digit of m?
1
Let k(c) = -c**2 - 6*c - 4. Let l be k(-4). Let j = l - -1. What is the units digit of j?
5
What is the units digit of ((-1)/2)/((-6)/108)?
9
Let o be 0*3/(-3 - 0). Let b = o +